{"id":20562,"date":"2024-06-07T07:02:11","date_gmt":"2024-06-07T05:02:11","guid":{"rendered":"https:\/\/www.chisagepolska.pl\/?page_id=20562"},"modified":"2024-08-09T09:41:02","modified_gmt":"2024-08-09T07:41:02","slug":"falownik-solarny","status":"publish","type":"page","link":"https:\/\/br.chisagess.com\/index.php\/falownik-solarny\/","title":{"rendered":"Falownik Solarny"},"content":{"rendered":"\t\t<div data-elementor-type=\"wp-page\" data-elementor-id=\"20562\" class=\"elementor elementor-20562\" data-elementor-post-type=\"page\">\n\t\t\t\t<div class=\"elementor-element elementor-element-adaed4b e-con-full e-flex e-con e-parent\" data-id=\"adaed4b\" data-element_type=\"container\" data-e-type=\"container\">\n\t\t\t\t<div class=\"elementor-element elementor-element-5e053cd elementor-widget elementor-widget-heading\" data-id=\"5e053cd\" data-element_type=\"widget\" data-e-type=\"widget\" data-widget_type=\"heading.default\">\n\t\t\t\t<div class=\"elementor-widget-container\">\n\t\t\t\t\t<h2 class=\"elementor-heading-title elementor-size-default\">Falownik Solarny<\/h2>\t\t\t\t<\/div>\n\t\t\t\t<\/div>\n\t\t\t\t<div class=\"elementor-element elementor-element-a48308a elementor-widget elementor-widget-text-editor\" data-id=\"a48308a\" data-element_type=\"widget\" data-e-type=\"widget\" data-widget_type=\"text-editor.default\">\n\t\t\t\t<div class=\"elementor-widget-container\">\n\t\t\t\t\t\t\t\t\t<p>Witamy w naszym \u015bwiecie falownik\u00f3w s\u0142onecznych! Je\u015bli marzysz o przekszta\u0142ceniu energii s\u0142onecznej w niezawodne \u017ar\u00f3d\u0142o zasilania, to trafi\u0142e\u015b we w\u0142a\u015bciwe miejsce! CHISAGE ESS to profesjonalny dostawca falownik\u00f3w s\u0142onecznych z do\u015bwiadczonym zespo\u0142em badawczo-rozwojowym i standaryzowanymi warsztatami produkcyjnymi. Mamy szerok\u0105 gam\u0119 produkt\u00f3w, w tym g\u0142\u00f3wnie:<\/p><p>Falowniki sieciowe, od jednofazowych 3kW-6kW do tr\u00f3jfazowych 8kW-110kW. Te falowniki sieciowe charakteryzuj\u0105 si\u0119 wysokim stopniem ochrony IP66, wysok\u0105 wydajno\u015bci\u0105 konwersji, wysokimi pr\u0105dami wej\u015bciowymi PV, niskimi napi\u0119ciami rozruchowymi PV, 5-letni\u0105 gwarancj\u0105 i komunikacj\u0105 Bluetooth.<\/p><p>Mikroinwerter, CHISAGE ESS ma dwa g\u0142\u00f3wne produkty: 800 W i 2000 W, s\u0105 to projekty od jednego do dw\u00f3ch i od jednego do czterech. S\u0105 lekkie i kompaktowe, z maksymalnym napi\u0119ciem sta\u0142ym 60 V niskiego napi\u0119cia, w pe\u0142ni zalana konstrukcja IP67, 25-letnia \u017cywotno\u015b\u0107 projektowa oraz certyfikaty EC62109, 61000, VDE4105.<\/p><p>Inwertery niezale\u017cne od sieci, w segmencie niskiej mocy dost\u0119pne s\u0105 modele o mocy 3 kW i 5 kW, a w segmencie wysokiej mocy modele o mocy 8 kW i 10 kW. W\u015br\u00f3d nich inwerter niezale\u017cny od sieci 5 kW ma funkcj\u0119 r\u00f3wnoleg\u0142\u0105, kt\u00f3ra mo\u017ce obs\u0142ugiwa\u0107 do 6 jednostek po\u0142\u0105czonych r\u00f3wnolegle.<\/p><p>Inwertery hybrydowe, w tym jednofazowe 2,5 kW-10 kW i tr\u00f3jfazowe 5 kW-14 kW. Opr\u00f3cz funkcji typowych dla typowych inwerter\u00f3w hybrydowych dost\u0119pnych na rynku, maj\u0105 one te unikalne cechy, takie jak r\u00f3wnoleg\u0142e po\u0142\u0105czenie inwerter\u00f3w o r\u00f3\u017cnej mocy, czas transferu UPS poni\u017cej 5 ms, wyj\u015bcie niezbalansowane 150%, kompatybilne z bateriami litowymi wielu marek, maks. 20 sztuk r\u00f3wnoleg\u0142ego po\u0142\u0105czenia poza sieci\u0105 itp.<\/p><p>Skontaktuj si\u0119 z naszym zespo\u0142em profesjonalist\u00f3w ju\u017c dzi\u015b, aby dowiedzie\u0107 si\u0119 wi\u0119cej o naszych inwerterach s\u0142onecznych i us\u0142ugach!<\/p>\t\t\t\t\t\t\t\t<\/div>\n\t\t\t\t<\/div>\n\t\t\t\t<\/div>\n\t\t<div class=\"elementor-element elementor-element-979d7c4 e-flex e-con-boxed e-con e-parent\" data-id=\"979d7c4\" data-element_type=\"container\" data-e-type=\"container\" data-settings=\"{&quot;background_background&quot;:&quot;gradient&quot;}\">\n\t\t\t\t\t<div class=\"e-con-inner\">\n\t\t<div class=\"elementor-element elementor-element-d4f1e6a e-con-full e-flex e-con e-child\" data-id=\"d4f1e6a\" data-element_type=\"container\" data-e-type=\"container\">\n\t\t\t\t<div class=\"elementor-element elementor-element-3b6ce8f e-transform elementor-widget elementor-widget-image\" data-id=\"3b6ce8f\" data-element_type=\"widget\" data-e-type=\"widget\" data-settings=\"{&quot;_transform_scale_effect_hover&quot;:{&quot;unit&quot;:&quot;px&quot;,&quot;size&quot;:0.9,&quot;sizes&quot;:[]},&quot;_transform_scale_effect_hover_tablet&quot;:{&quot;unit&quot;:&quot;px&quot;,&quot;size&quot;:&quot;&quot;,&quot;sizes&quot;:[]},&quot;_transform_scale_effect_hover_mobile&quot;:{&quot;unit&quot;:&quot;px&quot;,&quot;size&quot;:&quot;&quot;,&quot;sizes&quot;:[]}}\" data-widget_type=\"image.default\">\n\t\t\t\t<div class=\"elementor-widget-container\">\n\t\t\t\t\t\t\t\t\t\t\t\t\t\t\t\t<a href=\"https:\/\/br.chisagess.com\/index.php\/hybrid-inverter\/\">\n\t\t\t\t\t\t\t<img fetchpriority=\"high\" decoding=\"async\" width=\"1000\" height=\"1000\" src=\"https:\/\/br.chisagess.com\/wp-content\/uploads\/2024\/06\/CHISAGE-ESS-Mars-5-14G2-LE-Hybrid-Inverter-Product-Pictures-01.jpg\" class=\"attachment-large size-large wp-image-20565\" alt=\"\" srcset=\"https:\/\/br.chisagess.com\/wp-content\/uploads\/2024\/06\/CHISAGE-ESS-Mars-5-14G2-LE-Hybrid-Inverter-Product-Pictures-01.jpg 1000w, https:\/\/br.chisagess.com\/wp-content\/uploads\/2024\/06\/CHISAGE-ESS-Mars-5-14G2-LE-Hybrid-Inverter-Product-Pictures-01-300x300.jpg 300w, https:\/\/br.chisagess.com\/wp-content\/uploads\/2024\/06\/CHISAGE-ESS-Mars-5-14G2-LE-Hybrid-Inverter-Product-Pictures-01-150x150.jpg 150w, https:\/\/br.chisagess.com\/wp-content\/uploads\/2024\/06\/CHISAGE-ESS-Mars-5-14G2-LE-Hybrid-Inverter-Product-Pictures-01-768x768.jpg 768w\" sizes=\"(max-width: 1000px) 100vw, 1000px\" \/>\t\t\t\t\t\t\t\t<\/a>\n\t\t\t\t\t\t\t\t\t\t\t\t\t\t\t<\/div>\n\t\t\t\t<\/div>\n\t\t\t\t<div class=\"elementor-element elementor-element-da94046 elementor-widget elementor-widget-heading\" data-id=\"da94046\" data-element_type=\"widget\" data-e-type=\"widget\" data-widget_type=\"heading.default\">\n\t\t\t\t<div class=\"elementor-widget-container\">\n\t\t\t\t\t<h5 class=\"elementor-heading-title elementor-size-default\">Falownik hybrydowy<\/h5>\t\t\t\t<\/div>\n\t\t\t\t<\/div>\n\t\t\t\t<div class=\"elementor-element elementor-element-a798668 elementor-widget elementor-widget-text-editor\" data-id=\"a798668\" data-element_type=\"widget\" data-e-type=\"widget\" data-widget_type=\"text-editor.default\">\n\t\t\t\t<div class=\"elementor-widget-container\">\n\t\t\t\t\t\t\t\t\t<p>Jednofazowy falownik hybrydowy 2,5 kW\u201310 kW i tr\u00f3jfazowy falownik hybrydowy 5 kW\u201314 kW<\/p>\t\t\t\t\t\t\t\t<\/div>\n\t\t\t\t<\/div>\n\t\t\t\t<\/div>\n\t\t<div class=\"elementor-element elementor-element-826645f e-con-full e-flex e-con e-child\" data-id=\"826645f\" data-element_type=\"container\" data-e-type=\"container\">\n\t\t\t\t<div class=\"elementor-element elementor-element-abb2f11 e-transform elementor-widget elementor-widget-image\" data-id=\"abb2f11\" data-element_type=\"widget\" data-e-type=\"widget\" data-settings=\"{&quot;_transform_scale_effect_hover&quot;:{&quot;unit&quot;:&quot;px&quot;,&quot;size&quot;:0.9,&quot;sizes&quot;:[]},&quot;_transform_scale_effect_hover_tablet&quot;:{&quot;unit&quot;:&quot;px&quot;,&quot;size&quot;:&quot;&quot;,&quot;sizes&quot;:[]},&quot;_transform_scale_effect_hover_mobile&quot;:{&quot;unit&quot;:&quot;px&quot;,&quot;size&quot;:&quot;&quot;,&quot;sizes&quot;:[]}}\" data-widget_type=\"image.default\">\n\t\t\t\t<div class=\"elementor-widget-container\">\n\t\t\t\t\t\t\t\t\t\t\t\t\t\t\t\t<a href=\"https:\/\/br.chisagess.com\/index.php\/grid-tie-inverter\/\">\n\t\t\t\t\t\t\t<img decoding=\"async\" width=\"1000\" height=\"1000\" src=\"https:\/\/br.chisagess.com\/wp-content\/uploads\/2024\/06\/CHISAGE-ESS-CE1P3-6KEG-Grid-Tie-Inverter-Product-Pictures-01.jpg\" class=\"attachment-large size-large wp-image-20566\" alt=\"\" srcset=\"https:\/\/br.chisagess.com\/wp-content\/uploads\/2024\/06\/CHISAGE-ESS-CE1P3-6KEG-Grid-Tie-Inverter-Product-Pictures-01.jpg 1000w, https:\/\/br.chisagess.com\/wp-content\/uploads\/2024\/06\/CHISAGE-ESS-CE1P3-6KEG-Grid-Tie-Inverter-Product-Pictures-01-300x300.jpg 300w, https:\/\/br.chisagess.com\/wp-content\/uploads\/2024\/06\/CHISAGE-ESS-CE1P3-6KEG-Grid-Tie-Inverter-Product-Pictures-01-150x150.jpg 150w, https:\/\/br.chisagess.com\/wp-content\/uploads\/2024\/06\/CHISAGE-ESS-CE1P3-6KEG-Grid-Tie-Inverter-Product-Pictures-01-768x768.jpg 768w\" sizes=\"(max-width: 1000px) 100vw, 1000px\" \/>\t\t\t\t\t\t\t\t<\/a>\n\t\t\t\t\t\t\t\t\t\t\t\t\t\t\t<\/div>\n\t\t\t\t<\/div>\n\t\t\t\t<div class=\"elementor-element elementor-element-f4276fb elementor-widget elementor-widget-heading\" data-id=\"f4276fb\" data-element_type=\"widget\" data-e-type=\"widget\" data-widget_type=\"heading.default\">\n\t\t\t\t<div class=\"elementor-widget-container\">\n\t\t\t\t\t<h5 class=\"elementor-heading-title elementor-size-default\">Grid Tie Inverter\n<\/h5>\t\t\t\t<\/div>\n\t\t\t\t<\/div>\n\t\t\t\t<div class=\"elementor-element elementor-element-8d9c07a elementor-widget elementor-widget-text-editor\" data-id=\"8d9c07a\" data-element_type=\"widget\" data-e-type=\"widget\" data-widget_type=\"text-editor.default\">\n\t\t\t\t<div class=\"elementor-widget-container\">\n\t\t\t\t\t\t\t\t\t<p>Falownik sieciowy jednofazowy 3kW-6kW i tr\u00f3jfazowy 8kW-110kW<\/p>\t\t\t\t\t\t\t\t<\/div>\n\t\t\t\t<\/div>\n\t\t\t\t<\/div>\n\t\t<div class=\"elementor-element elementor-element-e283953 e-con-full e-flex e-con e-child\" data-id=\"e283953\" data-element_type=\"container\" data-e-type=\"container\">\n\t\t\t\t<div class=\"elementor-element elementor-element-9d19e9e e-transform elementor-widget elementor-widget-image\" data-id=\"9d19e9e\" data-element_type=\"widget\" data-e-type=\"widget\" data-settings=\"{&quot;_transform_scale_effect_hover&quot;:{&quot;unit&quot;:&quot;px&quot;,&quot;size&quot;:0.9,&quot;sizes&quot;:[]},&quot;_transform_scale_effect_hover_tablet&quot;:{&quot;unit&quot;:&quot;px&quot;,&quot;size&quot;:&quot;&quot;,&quot;sizes&quot;:[]},&quot;_transform_scale_effect_hover_mobile&quot;:{&quot;unit&quot;:&quot;px&quot;,&quot;size&quot;:&quot;&quot;,&quot;sizes&quot;:[]}}\" data-widget_type=\"image.default\">\n\t\t\t\t<div class=\"elementor-widget-container\">\n\t\t\t\t\t\t\t\t\t\t\t\t\t\t\t\t<a href=\"https:\/\/br.chisagess.com\/index.php\/microinverter\/\">\n\t\t\t\t\t\t\t<img decoding=\"async\" width=\"1000\" height=\"1000\" src=\"https:\/\/br.chisagess.com\/wp-content\/uploads\/2024\/06\/CHISAGE-ESS-Ant-2000G1-Microinverter-Product-Pictures-01.jpg\" class=\"attachment-large size-large wp-image-20567\" alt=\"\" srcset=\"https:\/\/br.chisagess.com\/wp-content\/uploads\/2024\/06\/CHISAGE-ESS-Ant-2000G1-Microinverter-Product-Pictures-01.jpg 1000w, https:\/\/br.chisagess.com\/wp-content\/uploads\/2024\/06\/CHISAGE-ESS-Ant-2000G1-Microinverter-Product-Pictures-01-300x300.jpg 300w, https:\/\/br.chisagess.com\/wp-content\/uploads\/2024\/06\/CHISAGE-ESS-Ant-2000G1-Microinverter-Product-Pictures-01-150x150.jpg 150w, https:\/\/br.chisagess.com\/wp-content\/uploads\/2024\/06\/CHISAGE-ESS-Ant-2000G1-Microinverter-Product-Pictures-01-768x768.jpg 768w\" sizes=\"(max-width: 1000px) 100vw, 1000px\" \/>\t\t\t\t\t\t\t\t<\/a>\n\t\t\t\t\t\t\t\t\t\t\t\t\t\t\t<\/div>\n\t\t\t\t<\/div>\n\t\t\t\t<div class=\"elementor-element elementor-element-f5a27d1 elementor-widget elementor-widget-heading\" data-id=\"f5a27d1\" data-element_type=\"widget\" data-e-type=\"widget\" data-widget_type=\"heading.default\">\n\t\t\t\t<div class=\"elementor-widget-container\">\n\t\t\t\t\t<h5 class=\"elementor-heading-title elementor-size-default\">Microinverter<\/h5>\t\t\t\t<\/div>\n\t\t\t\t<\/div>\n\t\t\t\t<div class=\"elementor-element elementor-element-9fa3b9e elementor-widget elementor-widget-text-editor\" data-id=\"9fa3b9e\" data-element_type=\"widget\" data-e-type=\"widget\" data-widget_type=\"text-editor.default\">\n\t\t\t\t<div class=\"elementor-widget-container\">\n\t\t\t\t\t\t\t\t\t<p>Mikroinwerter 800W i 2000W<\/p>\t\t\t\t\t\t\t\t<\/div>\n\t\t\t\t<\/div>\n\t\t\t\t<\/div>\n\t\t\t\t\t<\/div>\n\t\t\t\t<\/div>\n\t\t\t\t<section class=\"elementor-section elementor-top-section elementor-element elementor-element-9cp1p24 elementor-section-content-middle elementor-section-boxed elementor-section-height-default elementor-section-height-default\" data-id=\"9cp1p24\" data-element_type=\"section\" data-e-type=\"section\" data-settings=\"{&quot;background_background&quot;:&quot;classic&quot;}\">\n\t\t\t\t\t\t\t<div class=\"elementor-background-overlay\"><\/div>\n\t\t\t\t\t\t\t<div class=\"elementor-container elementor-column-gap-default\">\n\t\t\t\t\t<div class=\"elementor-column elementor-col-50 elementor-top-column elementor-element elementor-element-4e4c592\" data-id=\"4e4c592\" data-element_type=\"column\" data-e-type=\"column\" data-settings=\"{&quot;background_background&quot;:&quot;classic&quot;}\">\n\t\t\t<div class=\"elementor-widget-wrap elementor-element-populated\">\n\t\t\t\t\t<div class=\"elementor-background-overlay\"><\/div>\n\t\t\t\t\t\t<div class=\"elementor-element elementor-element-81b42e4 e-transform elementor-widget elementor-widget-heading\" data-id=\"81b42e4\" data-element_type=\"widget\" data-e-type=\"widget\" data-settings=\"{&quot;_transform_rotateZ_effect&quot;:{&quot;unit&quot;:&quot;px&quot;,&quot;size&quot;:&quot;&quot;,&quot;sizes&quot;:[]},&quot;_transform_rotateZ_effect_tablet&quot;:{&quot;unit&quot;:&quot;deg&quot;,&quot;size&quot;:&quot;&quot;,&quot;sizes&quot;:[]},&quot;_transform_rotateZ_effect_mobile&quot;:{&quot;unit&quot;:&quot;deg&quot;,&quot;size&quot;:&quot;&quot;,&quot;sizes&quot;:[]}}\" data-widget_type=\"heading.default\">\n\t\t\t\t<div class=\"elementor-widget-container\">\n\t\t\t\t\t<h5 class=\"elementor-heading-title elementor-size-default\"><a href=\"https:\/\/br.chisagess.com\/index.php\/contact-us\/\">Rozszerzony serwis gwarancyjny<\/a><\/h5>\t\t\t\t<\/div>\n\t\t\t\t<\/div>\n\t\t\t\t<div class=\"elementor-element elementor-element-6ca1df4 elementor-widget elementor-widget-text-editor\" data-id=\"6ca1df4\" data-element_type=\"widget\" data-e-type=\"widget\" data-widget_type=\"text-editor.default\">\n\t\t\t\t<div class=\"elementor-widget-container\">\n\t\t\t\t\t\t\t\t\t<p>Na indywidualnie falownik i akumulator udzielamy podstawowej gwarancji; niekt\u00f3re produkty obs\u0142uguj\u0105 rozszerzon\u0105 gwarancj\u0119. Aby uzyska\u0107 szczeg\u00f3\u0142owe informacje, skontaktuj si\u0119 z nami.<\/p>\t\t\t\t\t\t\t\t<\/div>\n\t\t\t\t<\/div>\n\t\t\t\t\t<\/div>\n\t\t<\/div>\n\t\t\t\t<div class=\"elementor-column elementor-col-50 elementor-top-column elementor-element elementor-element-a2f4a09\" data-id=\"a2f4a09\" data-element_type=\"column\" data-e-type=\"column\" data-settings=\"{&quot;background_background&quot;:&quot;classic&quot;}\">\n\t\t\t<div class=\"elementor-widget-wrap elementor-element-populated\">\n\t\t\t\t\t<div class=\"elementor-background-overlay\"><\/div>\n\t\t\t\t\t\t<div class=\"elementor-element elementor-element-b83592e elementor-widget elementor-widget-heading\" data-id=\"b83592e\" data-element_type=\"widget\" data-e-type=\"widget\" data-widget_type=\"heading.default\">\n\t\t\t\t<div class=\"elementor-widget-container\">\n\t\t\t\t\t<h5 class=\"elementor-heading-title elementor-size-default\"><a href=\"https:\/\/br.chisagess.com\/index.php\/contact-us\/\">Serwis pogwarancyjny<\/a><\/h5>\t\t\t\t<\/div>\n\t\t\t\t<\/div>\n\t\t\t\t<div class=\"elementor-element elementor-element-846d2f3 elementor-widget elementor-widget-text-editor\" data-id=\"846d2f3\" data-element_type=\"widget\" data-e-type=\"widget\" data-widget_type=\"text-editor.default\">\n\t\t\t\t<div class=\"elementor-widget-container\">\n\t\t\t\t\t\t\t\t\t<p>Zapewniamy lokalne wsparcie techniczne, w tym pr\u00f3bki testowe, szkolenia dotycz\u0105ce produkt\u00f3w; przez pierwsze sze\u015b\u0107 miesi\u0119cy zapewniamy bezp\u0142atn\u0105 wymian\u0119 nowych jednostek, w okresie gwarancyjnym zapewniamy bezp\u0142atn\u0105 wymian\u0119 cz\u0119\u015bci zamiennych.<\/p>\t\t\t\t\t\t\t\t<\/div>\n\t\t\t\t<\/div>\n\t\t\t\t\t<\/div>\n\t\t<\/div>\n\t\t\t\t\t<\/div>\n\t\t<\/section>\n\t\t\t\t<\/div>\n\t\t","protected":false},"excerpt":{"rendered":"<p>Falownik Solarny Witamy w naszym \u015bwiecie falownik\u00f3w s\u0142o [&hellip;]<\/p>\n","protected":false},"author":1,"featured_media":0,"parent":0,"menu_order":0,"comment_status":"closed","ping_status":"closed","template":"","meta":{"site-sidebar-layout":"no-sidebar","site-content-layout":"page-builder","ast-site-content-layout":"full-width-container","site-content-style":"unboxed","site-sidebar-style":"unboxed","ast-global-header-display":"","ast-banner-title-visibility":"","ast-main-header-display":"","ast-hfb-above-header-display":"","ast-hfb-below-header-display":"","ast-hfb-mobile-header-display":"","site-post-title":"disabled","ast-breadcrumbs-content":"disabled","ast-featured-img":"disabled","footer-sml-layout":"","ast-disable-related-posts":"","theme-transparent-header-meta":"enabled","adv-header-id-meta":"","stick-header-meta":"default","header-above-stick-meta":"","header-main-stick-meta":"","header-below-stick-meta":"","astra-migrate-meta-layouts":"set","ast-page-background-enabled":"default","ast-page-background-meta":{"desktop":{"background-color":"","background-image":"","background-repeat":"repeat","background-position":"center center","background-size":"auto","background-attachment":"scroll","background-type":"","background-media":"","overlay-type":"","overlay-color":"","overlay-opacity":"","overlay-gradient":""},"tablet":{"background-color":"","background-image":"","background-repeat":"repeat","background-position":"center center","background-size":"auto","background-attachment":"scroll","background-type":"","background-media":"","overlay-type":"","overlay-color":"","overlay-opacity":"","overlay-gradient":""},"mobile":{"background-color":"","background-image":"","background-repeat":"repeat","background-position":"center center","background-size":"auto","background-attachment":"scroll","background-type":"","background-media":"","overlay-type":"","overlay-color":"","overlay-opacity":"","overlay-gradient":""}},"ast-content-background-meta":{"desktop":{"background-color":"var(--ast-global-color-5)","background-image":"","background-repeat":"repeat","background-position":"center center","background-size":"auto","background-attachment":"scroll","background-type":"","background-media":"","overlay-type":"","overlay-color":"","overlay-opacity":"","overlay-gradient":""},"tablet":{"background-color":"var(--ast-global-color-5)","background-image":"","background-repeat":"repeat","background-position":"center center","background-size":"auto","background-attachment":"scroll","background-type":"","background-media":"","overlay-type":"","overlay-color":"","overlay-opacity":"","overlay-gradient":""},"mobile":{"background-color":"var(--ast-global-color-5)","background-image":"","background-repeat":"repeat","background-position":"center center","background-size":"auto","background-attachment":"scroll","background-type":"","background-media":"","overlay-type":"","overlay-color":"","overlay-opacity":"","overlay-gradient":""}},"footnotes":""},"class_list":["post-20562","page","type-page","status-publish","hentry"],"_links":{"self":[{"href":"https:\/\/br.chisagess.com\/index.php\/wp-json\/wp\/v2\/pages\/20562","targetHints":{"allow":["GET"]}}],"collection":[{"href":"https:\/\/br.chisagess.com\/index.php\/wp-json\/wp\/v2\/pages"}],"about":[{"href":"https:\/\/br.chisagess.com\/index.php\/wp-json\/wp\/v2\/types\/page"}],"author":[{"embeddable":true,"href":"https:\/\/br.chisagess.com\/index.php\/wp-json\/wp\/v2\/users\/1"}],"replies":[{"embeddable":true,"href":"https:\/\/br.chisagess.com\/index.php\/wp-json\/wp\/v2\/comments?post=20562"}],"version-history":[{"count":11,"href":"https:\/\/br.chisagess.com\/index.php\/wp-json\/wp\/v2\/pages\/20562\/revisions"}],"predecessor-version":[{"id":21069,"href":"https:\/\/br.chisagess.com\/index.php\/wp-json\/wp\/v2\/pages\/20562\/revisions\/21069"}],"wp:attachment":[{"href":"https:\/\/br.chisagess.com\/index.php\/wp-json\/wp\/v2\/media?parent=20562"}],"curies":[{"name":"wp","href":"https:\/\/api.w.org\/{rel}","templated":true}]}}